 common factor of 32 and 94.
2
Calculate the highest common divisor of 8335 and 5.
5
Calculate the greatest common factor of 16 and 52.
4
What is the highest common factor of 134 and 603?
67
Calculate the highest common divisor of 112 and 14.
14
Calculate the highest common divisor of 59 and 16697.
59
Calculate the greatest common factor of 9911 and 748.
187
Calculate the greatest common divisor of 29 and 1247.
29
Calculate the highest common factor of 33 and 151107.
33
Calculate the greatest common factor of 230 and 322.
46
Calculate the greatest common divisor of 136 and 68.
68
What is the highest common factor of 44 and 16?
4
What is the highest common divisor of 4466 and 770?
154
Calculate the highest common factor of 225 and 1750.
25
What is the greatest common factor of 56 and 238?
14
What is the greatest common factor of 1236 and 25647?
309
Calculate the highest common divisor of 41 and 1517.
41
What is the greatest common factor of 418 and 44?
22
Calculate the highest common divisor of 18 and 258.
6
Calculate the greatest common divisor of 11407 and 122.
61
What is the highest common divisor of 1288 and 1512?
56
What is the greatest common divisor of 424 and 4?
4
Calculate the highest common factor of 30 and 102.
6
Calculate the highest common factor of 80 and 1480.
40
Calculate the highest common divisor of 549 and 61.
61
Calculate the highest common divisor of 6252 and 132.
12
What is the greatest common divisor of 28 and 2905?
7
Calculate the greatest common divisor of 341 and 186.
31
Calculate the highest common divisor of 2900 and 348.
116
What is the greatest common factor of 242 and 418?
22
Calculate the highest common divisor of 575 and 325.
25
What is the highest common factor of 4773 and 903?
129
Calculate the highest common divisor of 364 and 1365.
91
What is the greatest common factor of 1786 and 114?
38
What is the highest common divisor of 783 and 1653?
87
What is the highest common factor of 435 and 3335?
145
Calculate the highest common factor of 51 and 3621.
51
What is the greatest common divisor of 21792 and 16?
16
Calculate the highest common factor of 672 and 126.
42
Calculate the highest common factor of 39848 and 136.
136
Calculate the highest common divisor of 42357 and 21.
21
Calculate the greatest common factor of 8876 and 112.
28
What is the greatest common divisor of 138 and 6831?
69
Calculate the highest common factor of 352 and 64.
32
Calculate the highest common factor of 76 and 19.
19
Calculate the highest common factor of 49 and 7.
7
Calculate the highest common factor of 404 and 128.
4
What is the highest common divisor of 197 and 21473?
197
What is the highest common factor of 5928 and 1672?
152
Calculate the greatest common factor of 70 and 470.
10
What is the greatest common divisor of 44 and 1826?
22
Calculate the highest common divisor of 4956 and 177.
177
What is the highest common factor of 5 and 150?
5
Calculate the greatest common factor of 68 and 289.
17
What is the greatest common factor of 144 and 81?
9
Calculate the highest common factor of 54 and 18738.
54
Calculate the greatest common divisor of 353 and 15.
1
What is the highest common factor of 10 and 470?
10
Calculate the highest common factor of 9 and 6651.
9
Calculate the greatest common divisor of 57 and 480.
3
Calculate the highest common divisor of 16 and 152.
8
Calculate the highest common divisor of 1918 and 28.
14
What is the highest common factor of 795 and 30?
15
Calculate the highest common divisor of 207 and 36.
9
Calculate the highest common factor of 671 and 427.
61
Calculate the greatest common factor of 360 and 45.
45
What is the highest common divisor of 5625 and 45?
45
Calculate the greatest common divisor of 9780 and 120.
60
Calculate the highest common divisor of 84 and 7252.
28
What is the greatest common factor of 64 and 704?
64
Calculate the highest common divisor of 76 and 20596.
76
What is the greatest common factor of 405 and 90?
45
What is the greatest common factor of 280 and 7140?
140
Calculate the greatest common divisor of 756 and 140.
28
Calculate the greatest common divisor of 485 and 3104.
97
Calculate the highest common divisor of 48 and 5592.
24
What is the highest common factor of 1332 and 333?
333
What is the highest common factor of 1919 and 19?
19
Calculate the greatest common factor of 287 and 7.
7
What is the greatest common factor of 222 and 42?
6
Calculate the highest common divisor of 45 and 1875.
15
Calculate the highest common factor of 72 and 7416.
72
What is the highest common factor of 10 and 730?
10
What is the greatest common divisor of 917 and 7?
7
What is the highest common factor of 17 and 1819?
17
What is the greatest common factor of 1 and 51?
1
What is the highest common divisor of 399 and 12768?
399
Calculate the highest common factor of 806 and 104.
26
What is the highest common factor of 29224 and 16?
8
What is the highest common factor of 2921 and 184?
23
Calculate the greatest common divisor of 440 and 2970.
110
Calculate the greatest common divisor of 2507 and 23.
23
What is the highest common divisor of 57 and 95?
19
What is the greatest common divisor of 73 and 11826?
73
Calculate the highest common divisor of 38 and 78.
2
Calculate the highest common divisor of 22 and 22858.
22
What is the highest common factor of 62 and 279?
31
Calculate the highest common divisor of 324 and 4.
4
What is the highest common divisor of 30 and 6?
6
Calculate the highest common divisor of 10 and 320.
10
Calculate the greatest common factor of 85 and 25.
5
Calculate the highest common factor of 6660 and 18.
18
What is the greatest common factor of 20 and 1570?
10
Calculate the highest common divisor of 20273 and 11.
11
What is the greatest common factor of 455 and 65?
65
What is the highest common divisor of 248 and 6572?
124
What is the highest common factor of 102 and 1356?
6
Calculate the highest common divisor of 15957 and 81.
81
Calculate the highest common factor of 496 and 372.
124
What is the highest common divisor of 16 and 4600?
8
What is the highest common factor of 22 and 781?
11
What is the highest common factor of 740 and 64?
4
What is the greatest common divisor of 196 and 28?
28
Calculate the greatest common factor of 3422 and 87.
29
Calculate the greatest common divisor of 24 and 25188.
12
What is the greatest common factor of 60 and 15?
15
What is the highest common divisor of 4 and 718?
2
Calculate the greatest common factor of 222 and 2368.
74
Calculate the greatest common factor of 91 and 7.
7
What is the highest common divisor of 352 and 1474?
22
What is the highest common factor of 14 and 126?
14
Calculate the greatest common divisor of 24 and 108.
12
Calculate the greatest common divisor of 95 and 779.
19
Calculate the greatest common factor of 14 and 7294.
14
Calculate the highest common divisor of 8 and 100.
4
Calculate the greatest common factor of 3 and 2196.
3
Calculate the highest common divisor of 14 and 126.
14
What is the greatest common divisor of 53 and 3763?
53
What is the highest common factor of 72 and 136?
8
Calculate the highest common factor of 6 and 69.
3
What is the highest common divisor of 600 and 30?
30
What is the highest common factor of 88 and 27236?
44
Calculate the greatest common factor of 66 and 418.
22
What is the highest common divisor of 214 and 16799?
107
What is the greatest common divisor of 177 and 236?
59
What is the highest common divisor of 1054 and 374?
34
Calculate the greatest common factor of 116 and 377.
29
Calculate the greatest common factor of 85 and 153.
17
What is the greatest common divisor of 130 and 78?
26
Calculate the greatest common divisor of 35 and 7.
7
Calculate the highest common factor of 88 and 14806.
22
Calculate the highest common divisor of 2728 and 31.
31
What is the greatest common divisor of 11492 and 68?
68
What is the highest common factor of 792 and 495?
99
What is the highest common factor of 9 and 378?
9
Calculate the highest common factor of 234 and 378.
18
What is the greatest common divisor of 28 and 1120?
28
Calculate the greatest common factor of 92 and 115.
23
What is the highest common factor of 10 and 1210?
10
Calculate the highest common factor of 170 and 3570.
170
What is the highes